{"id":18,"date":"2019-01-08T09:37:10","date_gmt":"2019-01-08T08:37:10","guid":{"rendered":"http:\/\/ig-hochwang.de\/?page_id=18"},"modified":"2019-03-20T21:37:47","modified_gmt":"2019-03-20T20:37:47","slug":"ueber-uns","status":"publish","type":"page","link":"https:\/\/www.ig-hochwang.de\/?page_id=18","title":{"rendered":"\u00dcber uns"},"content":{"rendered":"\t\t<div data-elementor-type=\"wp-post\" data-elementor-id=\"18\" class=\"elementor elementor-18 elementor-bc-flex-widget\">\n\t\t\t\t\t\t<div class=\"elementor-inner\">\n\t\t\t\t<div class=\"elementor-section-wrap\">\n\t\t\t\t\t\t\t\t\t<section class=\"elementor-section elementor-top-section elementor-element elementor-element-59786f8b elementor-section-boxed elementor-section-height-default elementor-section-height-default\" data-id=\"59786f8b\" data-element_type=\"section\" data-settings=\"{&quot;background_background&quot;:&quot;classic&quot;}\">\n\t\t\t\t\t\t\t<div class=\"elementor-background-overlay\"><\/div>\n\t\t\t\t\t\t\t<div class=\"elementor-container elementor-column-gap-default\">\n\t\t\t\t\t\t\t<div class=\"elementor-row\">\n\t\t\t\t\t<div class=\"elementor-column elementor-col-100 elementor-top-column elementor-element elementor-element-751e8800\" data-id=\"751e8800\" data-element_type=\"column\">\n\t\t\t<div class=\"elementor-column-wrap elementor-element-populated\">\n\t\t\t\t\t\t\t<div class=\"elementor-widget-wrap\">\n\t\t\t\t\t\t<div class=\"elementor-element elementor-element-59f1686f elementor-widget elementor-widget-heading\" data-id=\"59f1686f\" data-element_type=\"widget\" data-widget_type=\"heading.default\">\n\t\t\t\t<div class=\"elementor-widget-container\">\n\t\t\t<h2 class=\"elementor-heading-title elementor-size-large\">\u00dcber Uns<\/h2>\t\t<\/div>\n\t\t\t\t<\/div>\n\t\t\t\t<div class=\"elementor-element elementor-element-1d66011b elementor-widget elementor-widget-spacer\" data-id=\"1d66011b\" data-element_type=\"widget\" data-widget_type=\"spacer.default\">\n\t\t\t\t<div class=\"elementor-widget-container\">\n\t\t\t\t\t<div class=\"elementor-spacer\">\n\t\t\t<div class=\"elementor-spacer-inner\"><\/div>\n\t\t<\/div>\n\t\t\t\t<\/div>\n\t\t\t\t<\/div>\n\t\t\t\t<div class=\"elementor-element elementor-element-62171462 elementor-widget elementor-widget-spacer\" data-id=\"62171462\" data-element_type=\"widget\" data-widget_type=\"spacer.default\">\n\t\t\t\t<div class=\"elementor-widget-container\">\n\t\t\t\t\t<div class=\"elementor-spacer\">\n\t\t\t<div class=\"elementor-spacer-inner\"><\/div>\n\t\t<\/div>\n\t\t\t\t<\/div>\n\t\t\t\t<\/div>\n\t\t\t\t\t\t<\/div>\n\t\t\t\t\t<\/div>\n\t\t<\/div>\n\t\t\t\t\t\t\t\t<\/div>\n\t\t\t\t\t<\/div>\n\t\t<\/section>\n\t\t\t\t<section class=\"elementor-section elementor-top-section elementor-element elementor-element-8b38575 elementor-section-boxed elementor-section-height-default elementor-section-height-default\" data-id=\"8b38575\" data-element_type=\"section\">\n\t\t\t\t\t\t<div class=\"elementor-container elementor-column-gap-default\">\n\t\t\t\t\t\t\t<div class=\"elementor-row\">\n\t\t\t\t\t<div class=\"elementor-column elementor-col-100 elementor-top-column elementor-element elementor-element-60af7f7\" data-id=\"60af7f7\" data-element_type=\"column\">\n\t\t\t<div class=\"elementor-column-wrap elementor-element-populated\">\n\t\t\t\t\t\t\t<div class=\"elementor-widget-wrap\">\n\t\t\t\t\t\t<div class=\"elementor-element elementor-element-7390572 elementor-widget elementor-widget-text-editor\" data-id=\"7390572\" data-element_type=\"widget\" data-widget_type=\"text-editor.default\">\n\t\t\t\t<div class=\"elementor-widget-container\">\n\t\t\t\t\t\t\t\t<div class=\"elementor-text-editor elementor-clearfix\">\n\t\t\t\t<p>Die Interessengemeinschaft Hochwang e. V. (IG Hochwang) ist ein Zusammenschluss engagierter B\u00fcrger, die sich dem (Zusammen-)Leben aller Menschen in und um Hochwang verschrieben haben.<\/p><p>Wir wollen die besondere Geschichte unseres Ortsteils bewahren und deswegen aktiv an der Entwicklung unseres Heimatortes teilhaben.Wir wollen gestalten und uns sowohl als kritischer als auch konstruktiver Gespr\u00e4chspartner, z.B. f\u00fcr folgende Punkte, einbringen:<\/p><ul><li>Wie k\u00f6nnen wir das Zusammenleben im Dorf generationen\u00fcbergreifend weiterentwickeln?<\/li><li>Wie hat die Integration der Heimatvertriebenen bei der Dorfgr\u00fcndung funktioniert und was k\u00f6nnen wir heute davon lernen?<\/li><li>Welche Ma\u00dfnahmen in und um Hochwang k\u00f6nnten das Leben f\u00fcr alle B\u00fcrgerinnen und B\u00fcrger bereichern und wie k\u00f6nnen wir dabei unterst\u00fctzen?<\/li><li>Wie k\u00f6nnen wir Hochwang, insbesondere f\u00fcr junge Familien, attraktiv erhalten?<\/li><li>Wie k\u00f6nnen wir die Umgestaltung der alten Schule in ein B\u00fcrgerhaus begleiten und es nach dem Umbau mit Leben f\u00fcllen?<\/li><li>Welche Herausforderungen stellen sich in den kommenden Jahren und wie k\u00f6nnten L\u00f6sungsm\u00f6glichkeiten hierf\u00fcr aussehen?<\/li><\/ul><p>Diese und viele andere Fragen m\u00f6chten wir im Rahmen unseres gemeinn\u00fctzigen Vereins miteinander diskutieren und mitgestalten.Im Rahmen von h\u00e4ufigen Treffen tauschen wir Informationen aus, stellen Fragen und besprechen Ideen. Jeder kann sich einbringen und jedem wird ein Forum geboten, seine speziellen Fertigkeiten und sein K\u00f6nnen, andern zu vermitteln.<\/p>\t\t\t\t\t<\/div>\n\t\t\t\t\t\t<\/div>\n\t\t\t\t<\/div>\n\t\t\t\t\t\t<\/div>\n\t\t\t\t\t<\/div>\n\t\t<\/div>\n\t\t\t\t\t\t\t\t<\/div>\n\t\t\t\t\t<\/div>\n\t\t<\/section>\n\t\t\t\t<section class=\"elementor-section elementor-top-section elementor-element elementor-element-c171ed1 elementor-section-boxed elementor-section-height-default elementor-section-height-default\" data-id=\"c171ed1\" data-element_type=\"section\">\n\t\t\t\t\t\t<div class=\"elementor-container elementor-column-gap-default\">\n\t\t\t\t\t\t\t<div class=\"elementor-row\">\n\t\t\t\t\t<div class=\"elementor-column elementor-col-100 elementor-top-column elementor-element elementor-element-aa1aa6f\" data-id=\"aa1aa6f\" data-element_type=\"column\">\n\t\t\t<div class=\"elementor-column-wrap elementor-element-populated\">\n\t\t\t\t\t\t\t<div class=\"elementor-widget-wrap\">\n\t\t\t\t\t\t<div class=\"elementor-element elementor-element-78b22ca elementor-widget elementor-widget-google_maps\" data-id=\"78b22ca\" data-element_type=\"widget\" data-widget_type=\"google_maps.default\">\n\t\t\t\t<div class=\"elementor-widget-container\">\n\t\t\t\t\t<div class=\"elementor-custom-embed\">\n\t\t\t<iframe frameborder=\"0\" scrolling=\"no\" marginheight=\"0\" marginwidth=\"0\"\n\t\t\t\t\tsrc=\"https:\/\/maps.google.com\/maps?q=Hochwang%2C%20Lenningen%2C%20Deutschland&#038;t=m&#038;z=13&#038;output=embed&#038;iwloc=near\"\n\t\t\t\t\ttitle=\"Hochwang, Lenningen, Deutschland\"\n\t\t\t\t\taria-label=\"Hochwang, Lenningen, Deutschland\"\n\t\t\t><\/iframe>\n\t\t<\/div>\n\t\t\t\t<\/div>\n\t\t\t\t<\/div>\n\t\t\t\t\t\t<\/div>\n\t\t\t\t\t<\/div>\n\t\t<\/div>\n\t\t\t\t\t\t\t\t<\/div>\n\t\t\t\t\t<\/div>\n\t\t<\/section>\n\t\t\t\t\t\t\t\t\t<\/div>\n\t\t\t<\/div>\n\t\t\t\t\t<\/div>\n\t\t","protected":false},"excerpt":{"rendered":"<p>\u00dcber Uns Die Interessengemeinschaft Hochwang e. V. (IG Hochwang) ist ein Zusammenschluss engagierter B\u00fcrger, die sich dem (Zusammen-)Leben aller Menschen in und um Hochwang verschrieben haben. Wir wollen die besondere [&hellip;]<\/p>\n","protected":false},"author":1,"featured_media":0,"parent":0,"menu_order":0,"comment_status":"closed","ping_status":"closed","template":"","meta":[],"_links":{"self":[{"href":"https:\/\/www.ig-hochwang.de\/index.php?rest_route=\/wp\/v2\/pages\/18"}],"collection":[{"href":"https:\/\/www.ig-hochwang.de\/index.php?rest_route=\/wp\/v2\/pages"}],"about":[{"href":"https:\/\/www.ig-hochwang.de\/index.php?rest_route=\/wp\/v2\/types\/page"}],"author":[{"embeddable":true,"href":"https:\/\/www.ig-hochwang.de\/index.php?rest_route=\/wp\/v2\/users\/1"}],"replies":[{"embeddable":true,"href":"https:\/\/www.ig-hochwang.de\/index.php?rest_route=%2Fwp%2Fv2%2Fcomments&post=18"}],"version-history":[{"count":8,"href":"https:\/\/www.ig-hochwang.de\/index.php?rest_route=\/wp\/v2\/pages\/18\/revisions"}],"predecessor-version":[{"id":502,"href":"https:\/\/www.ig-hochwang.de\/index.php?rest_route=\/wp\/v2\/pages\/18\/revisions\/502"}],"wp:attachment":[{"href":"https:\/\/www.ig-hochwang.de\/index.php?rest_route=%2Fwp%2Fv2%2Fmedia&parent=18"}],"curies":[{"name":"wp","href":"https:\/\/api.w.org\/{rel}","templated":true}]}}